{"id":1282,"date":"2021-08-12T23:29:50","date_gmt":"2021-08-12T23:29:50","guid":{"rendered":"https:\/\/baker.la-studioweb.com\/?page_id=1282"},"modified":"2025-11-11T14:13:28","modified_gmt":"2025-11-11T14:13:28","slug":"jobs","status":"publish","type":"page","link":"https:\/\/www.die-backprinzen.de\/index.php\/jobs\/","title":{"rendered":"Jobs"},"content":{"rendered":"\t\t<div data-elementor-type=\"wp-page\" data-elementor-id=\"1282\" class=\"elementor elementor-1282\">\n\t\t\t\t\t\t<section class=\"elementor-section elementor-top-section elementor-element elementor-element-a9d0c75 elementor-section-boxed elementor-section-height-default elementor-section-height-default e-parent\" data-id=\"a9d0c75\" data-element_type=\"section\" data-e-type=\"section\" data-settings=\"{&quot;background_background&quot;:&quot;classic&quot;,&quot;background_motion_fx_motion_fx_scrolling&quot;:&quot;yes&quot;,&quot;background_motion_fx_translateY_effect&quot;:&quot;yes&quot;,&quot;background_motion_fx_translateY_speed&quot;:{&quot;unit&quot;:&quot;px&quot;,&quot;size&quot;:3,&quot;sizes&quot;:[]},&quot;background_motion_fx_translateY_affectedRange&quot;:{&quot;unit&quot;:&quot;%&quot;,&quot;size&quot;:&quot;&quot;,&quot;sizes&quot;:{&quot;start&quot;:20,&quot;end&quot;:80}},&quot;background_motion_fx_devices&quot;:[&quot;mobile&quot;,&quot;mobile_extra&quot;,&quot;tablet&quot;,&quot;laptop&quot;,&quot;desktop&quot;]}\">\n\t\t\t\t\t\t\t<div class=\"elementor-background-overlay\"><\/div>\n\t\t\t\t\t\t\t<div class=\"elementor-container elementor-column-gap-no\">\n\t\t\t\t\t<div class=\"elementor-column elementor-col-100 elementor-top-column elementor-element elementor-element-236a3c4 lakit-col-width-auto-no\" data-id=\"236a3c4\" data-element_type=\"column\" data-e-type=\"column\">\n\t\t\t<div class=\"elementor-widget-wrap elementor-element-populated\">\n\t\t\t\t\t\t<div class=\"elementor-element elementor-element-4bd6118 elementor-widget elementor-widget-heading\" data-id=\"4bd6118\" data-element_type=\"widget\" data-e-type=\"widget\" data-widget_type=\"heading.default\">\n\t\t\t\t\t<h1 class=\"elementor-heading-title elementor-size-default\">Hier finden Sie unsere aktuellen Stellenangebote<\/h1>\t\t\t\t<\/div>\n\t\t\t\t<div class=\"elementor-element elementor-element-3f7a56a lakit-breadcrumbs-align-center elementor-widget lastudio-kit elementor-lakit-breadcrumbs\" data-id=\"3f7a56a\" data-element_type=\"widget\" data-e-type=\"widget\" data-widget_type=\"lakit-breadcrumbs.default\">\n\t\t\t\t\t\n\t\t<div class=\"lakit-breadcrumbs\">\n\t\t<div class=\"lakit-breadcrumbs__content\">\n\t\t<div class=\"lakit-breadcrumbs__wrap\"><div class=\"lakit-breadcrumbs__item\"><a href=\"https:\/\/www.die-backprinzen.de\/\" class=\"lakit-breadcrumbs__item-link is-home\" rel=\"home\" title=\"Home\">Home<\/a><\/div>\n\t\t<\/div>\n\t\t<\/div>\n\t\t<\/div>\t\t\t\t<\/div>\n\t\t\t\t\t<\/div>\n\t\t<\/div>\n\t\t\t\t\t<\/div>\n\t\t<\/section>\n\t\t<div class=\"elementor-element elementor-element-046bbbf e-flex e-con-boxed lakit-col-width-auto-no e-container e-root-container elementor-top-section e-con e-parent\" data-id=\"046bbbf\" data-element_type=\"container\" data-e-type=\"container\">\n\t\t\t\t\t<div class=\"e-con-inner\">\n\t\t\t\t<div class=\"elementor-element elementor-element-aeeaa6b elementor-widget elementor-widget-spacer\" data-id=\"aeeaa6b\" data-element_type=\"widget\" data-e-type=\"widget\" data-widget_type=\"spacer.default\">\n\t\t\t\t\t\t\t<div class=\"elementor-spacer\">\n\t\t\t<div class=\"elementor-spacer-inner\"><\/div>\n\t\t<\/div>\n\t\t\t\t\t\t<\/div>\n\t\t\t\t<div class=\"elementor-element elementor-element-394e84e elementor-widget elementor-widget-shortcode\" data-id=\"394e84e\" data-element_type=\"widget\" data-e-type=\"widget\" data-widget_type=\"shortcode.default\">\n\t\t\t\t\t\t\t<div class=\"elementor-shortcode\"><section class=\"job-listing row clearfix\" aria-label=\"Job listings\"><div class=\"column medium-12 col-md-12\" role=\"list\"><article class=\"job-preview clearfix\" role=\"article\" aria-labelledby=\"job-title-3297\"><div class=\"job-content\"><h5><a href=\"https:\/\/www.die-backprinzen.de\/index.php\/job\/3295-3\/\" id=\"job-title-3297\" target=\"_self\"><span>Verk\u00e4uferin \/ B\u00e4ckereifachverk\u00e4uferin (m\/w\/d) \u2013 M\u00fcnchen-Sendling-Westpark (Ehrwalderstra\u00dfe)<\/span><\/a><\/h5><div class=\"job-additional-information\" aria-label=\"Additional job information\"><span>M\u00fcnchen<\/span><span class=\"job-preview-details-separator\">, <span><span>Vollzeit, Teilzeit<\/span><\/div><\/div><div class=\"job-cta\"><a href=\"https:\/\/www.die-backprinzen.de\/index.php\/job\/3295-3\/\" target=\"_self\" class=\"apply-btn local\" aria-label=\"View job: Verk\u00e4uferin \/ B\u00e4ckereifachverk\u00e4uferin (m\/w\/d) \u2013 M\u00fcnchen-Sendling-Westpark (Ehrwalderstra\u00dfe)\">Ansehen<\/a><\/div><\/article><article class=\"job-preview clearfix\" role=\"article\" aria-labelledby=\"job-title-3296\"><div class=\"job-content\"><h5><a href=\"https:\/\/www.die-backprinzen.de\/index.php\/job\/3295-2\/\" id=\"job-title-3296\" target=\"_self\"><span>Verk\u00e4uferin \/ B\u00e4ckereifachverk\u00e4uferin (m\/w\/d) \u2013 M\u00fcnchen-Pasing -Obermenzing (Verdistra\u00dfe)<\/span><\/a><\/h5><div class=\"job-additional-information\" aria-label=\"Additional job information\"><span>M\u00fcnchen<\/span><span class=\"job-preview-details-separator\">, <span><span>Vollzeit, Teilzeit<\/span><\/div><\/div><div class=\"job-cta\"><a href=\"https:\/\/www.die-backprinzen.de\/index.php\/job\/3295-2\/\" target=\"_self\" class=\"apply-btn local\" aria-label=\"View job: Verk\u00e4uferin \/ B\u00e4ckereifachverk\u00e4uferin (m\/w\/d) \u2013 M\u00fcnchen-Pasing -Obermenzing (Verdistra\u00dfe)\">Ansehen<\/a><\/div><\/article><article class=\"job-preview clearfix\" role=\"article\" aria-labelledby=\"job-title-3295\"><div class=\"job-content\"><h5><a href=\"https:\/\/www.die-backprinzen.de\/index.php\/job\/3295\/\" id=\"job-title-3295\" target=\"_self\"><span>Verk\u00e4uferin \/ B\u00e4ckereifachverk\u00e4uferin (m\/w\/d) \u2013 M\u00fcnchen-Neuhausen-Nymphenburg (Heideckstra\u00dfe)<\/span><\/a><\/h5><div class=\"job-additional-information\" aria-label=\"Additional job information\"><span>M\u00fcnchen<\/span><span class=\"job-preview-details-separator\">, <span><span>Vollzeit, Teilzeit<\/span><\/div><\/div><div class=\"job-cta\"><a href=\"https:\/\/www.die-backprinzen.de\/index.php\/job\/3295\/\" target=\"_self\" class=\"apply-btn local\" aria-label=\"View job: Verk\u00e4uferin \/ B\u00e4ckereifachverk\u00e4uferin (m\/w\/d) \u2013 M\u00fcnchen-Neuhausen-Nymphenburg (Heideckstra\u00dfe)\">Ansehen<\/a><\/div><\/article><\/div><\/section><\/div>\n\t\t\t\t\t\t<\/div>\n\t\t\t\t<div class=\"elementor-element elementor-element-78e4ca2 elementor-widget elementor-widget-spacer\" data-id=\"78e4ca2\" data-element_type=\"widget\" data-e-type=\"widget\" data-widget_type=\"spacer.default\">\n\t\t\t\t\t\t\t<div class=\"elementor-spacer\">\n\t\t\t<div class=\"elementor-spacer-inner\"><\/div>\n\t\t<\/div>\n\t\t\t\t\t\t<\/div>\n\t\t\t\t\t<\/div>\n\t\t\t\t<\/div>\n\t\t\t\t<\/div>\n\t\t","protected":false},"excerpt":{"rendered":"<p>Hier finden Sie unsere aktuellen Stellenangebote Home<\/p>\n","protected":false},"author":1,"featured_media":0,"parent":0,"menu_order":0,"comment_status":"closed","ping_status":"closed","template":"","meta":{"footnotes":""},"class_list":["post-1282","page","type-page","status-publish","hentry"],"yoast_head":"<!-- This site is optimized with the Yoast SEO plugin v27.5 - https:\/\/yoast.com\/product\/yoast-seo-wordpress\/ -->\n<title>Karriere bei Die Backprinzen \u2013 B\u00e4ckerei Jobs in M\u00fcnchen<\/title>\n<meta name=\"description\" content=\"Werde Teil der Backprinzen! Entdecke Jobs als B\u00e4cker, Verk\u00e4ufer oder Azubi in M\u00fcnchen \u2013 in einem Team, das t\u00e4glich mit Leidenschaft backt.\" \/>\n<meta name=\"robots\" content=\"index, follow, max-snippet:-1, max-image-preview:large, max-video-preview:-1\" \/>\n<link rel=\"canonical\" href=\"https:\/\/www.die-backprinzen.de\/index.php\/jobs\/\" \/>\n<meta property=\"og:locale\" content=\"de_DE\" \/>\n<meta property=\"og:type\" content=\"article\" \/>\n<meta property=\"og:title\" content=\"Karriere bei Die Backprinzen \u2013 B\u00e4ckerei Jobs in M\u00fcnchen\" \/>\n<meta property=\"og:description\" content=\"Werde Teil der Backprinzen! Entdecke Jobs als B\u00e4cker, Verk\u00e4ufer oder Azubi in M\u00fcnchen \u2013 in einem Team, das t\u00e4glich mit Leidenschaft backt.\" \/>\n<meta property=\"og:url\" content=\"https:\/\/www.die-backprinzen.de\/index.php\/jobs\/\" \/>\n<meta property=\"og:site_name\" content=\"Die Backprinzen\" \/>\n<meta property=\"article:modified_time\" content=\"2025-11-11T14:13:28+00:00\" \/>\n<meta name=\"twitter:card\" content=\"summary_large_image\" \/>\n<meta name=\"twitter:label1\" content=\"Gesch\u00e4tzte Lesezeit\" \/>\n\t<meta name=\"twitter:data1\" content=\"1\u00a0Minute\" \/>\n<!-- \/ Yoast SEO plugin. -->","yoast_head_json":{"title":"Karriere bei Die Backprinzen \u2013 B\u00e4ckerei Jobs in M\u00fcnchen","description":"Werde Teil der Backprinzen! Entdecke Jobs als B\u00e4cker, Verk\u00e4ufer oder Azubi in M\u00fcnchen \u2013 in einem Team, das t\u00e4glich mit Leidenschaft backt.","robots":{"index":"index","follow":"follow","max-snippet":"max-snippet:-1","max-image-preview":"max-image-preview:large","max-video-preview":"max-video-preview:-1"},"canonical":"https:\/\/www.die-backprinzen.de\/index.php\/jobs\/","og_locale":"de_DE","og_type":"article","og_title":"Karriere bei Die Backprinzen \u2013 B\u00e4ckerei Jobs in M\u00fcnchen","og_description":"Werde Teil der Backprinzen! Entdecke Jobs als B\u00e4cker, Verk\u00e4ufer oder Azubi in M\u00fcnchen \u2013 in einem Team, das t\u00e4glich mit Leidenschaft backt.","og_url":"https:\/\/www.die-backprinzen.de\/index.php\/jobs\/","og_site_name":"Die Backprinzen","article_modified_time":"2025-11-11T14:13:28+00:00","twitter_card":"summary_large_image","twitter_misc":{"Gesch\u00e4tzte Lesezeit":"1\u00a0Minute"},"schema":{"@context":"https:\/\/schema.org","@graph":[{"@type":"WebPage","@id":"https:\/\/www.die-backprinzen.de\/index.php\/jobs\/","url":"https:\/\/www.die-backprinzen.de\/index.php\/jobs\/","name":"Karriere bei Die Backprinzen \u2013 B\u00e4ckerei Jobs in M\u00fcnchen","isPartOf":{"@id":"https:\/\/www.die-backprinzen.de\/#website"},"datePublished":"2021-08-12T23:29:50+00:00","dateModified":"2025-11-11T14:13:28+00:00","description":"Werde Teil der Backprinzen! Entdecke Jobs als B\u00e4cker, Verk\u00e4ufer oder Azubi in M\u00fcnchen \u2013 in einem Team, das t\u00e4glich mit Leidenschaft backt.","breadcrumb":{"@id":"https:\/\/www.die-backprinzen.de\/index.php\/jobs\/#breadcrumb"},"inLanguage":"de","potentialAction":[{"@type":"ReadAction","target":["https:\/\/www.die-backprinzen.de\/index.php\/jobs\/"]}]},{"@type":"BreadcrumbList","@id":"https:\/\/www.die-backprinzen.de\/index.php\/jobs\/#breadcrumb","itemListElement":[{"@type":"ListItem","position":1,"name":"Startseite","item":"https:\/\/www.die-backprinzen.de\/"},{"@type":"ListItem","position":2,"name":"Jobs"}]},{"@type":"WebSite","@id":"https:\/\/www.die-backprinzen.de\/#website","url":"https:\/\/www.die-backprinzen.de\/","name":"Die Backprinzen","description":"B\u00e4ckerei &amp; Konditorei","publisher":{"@id":"https:\/\/www.die-backprinzen.de\/#organization"},"potentialAction":[{"@type":"SearchAction","target":{"@type":"EntryPoint","urlTemplate":"https:\/\/www.die-backprinzen.de\/?s={search_term_string}"},"query-input":{"@type":"PropertyValueSpecification","valueRequired":true,"valueName":"search_term_string"}}],"inLanguage":"de"},{"@type":"Organization","@id":"https:\/\/www.die-backprinzen.de\/#organization","name":"Die Backprinzen","url":"https:\/\/www.die-backprinzen.de\/","logo":{"@type":"ImageObject","inLanguage":"de","@id":"https:\/\/www.die-backprinzen.de\/#\/schema\/logo\/image\/","url":"https:\/\/www.die-backprinzen.de\/wp-content\/uploads\/2025\/11\/20845cb0-c56e-4c56-8ceb-090094a46016-1.webp","contentUrl":"https:\/\/www.die-backprinzen.de\/wp-content\/uploads\/2025\/11\/20845cb0-c56e-4c56-8ceb-090094a46016-1.webp","width":378,"height":229,"caption":"Die Backprinzen"},"image":{"@id":"https:\/\/www.die-backprinzen.de\/#\/schema\/logo\/image\/"}}]}},"_links":{"self":[{"href":"https:\/\/www.die-backprinzen.de\/index.php\/wp-json\/wp\/v2\/pages\/1282","targetHints":{"allow":["GET"]}}],"collection":[{"href":"https:\/\/www.die-backprinzen.de\/index.php\/wp-json\/wp\/v2\/pages"}],"about":[{"href":"https:\/\/www.die-backprinzen.de\/index.php\/wp-json\/wp\/v2\/types\/page"}],"author":[{"embeddable":true,"href":"https:\/\/www.die-backprinzen.de\/index.php\/wp-json\/wp\/v2\/users\/1"}],"replies":[{"embeddable":true,"href":"https:\/\/www.die-backprinzen.de\/index.php\/wp-json\/wp\/v2\/comments?post=1282"}],"version-history":[{"count":11,"href":"https:\/\/www.die-backprinzen.de\/index.php\/wp-json\/wp\/v2\/pages\/1282\/revisions"}],"predecessor-version":[{"id":3311,"href":"https:\/\/www.die-backprinzen.de\/index.php\/wp-json\/wp\/v2\/pages\/1282\/revisions\/3311"}],"wp:attachment":[{"href":"https:\/\/www.die-backprinzen.de\/index.php\/wp-json\/wp\/v2\/media?parent=1282"}],"curies":[{"name":"wp","href":"https:\/\/api.w.org\/{rel}","templated":true}]}}